s -157 - 7?
-166
In base 6, what is -11 - 53302?
-53313
In base 10, what is 2 + 32259?
32261
In base 7, what is 13 - -1443220?
1443233
In base 16, what is 4 + -2613?
-260f
In base 3, what is -10 - 212120?
-212200
In base 9, what is -44461 - -31?
-44430
In base 16, what is -3e4 - -22?
-3c2
In base 3, what is 2011 - -2111012?
2120100
In base 9, what is 0 + 14647?
14647
In base 16, what is -7e8d - 22?
-7eaf
In base 12, what is 1452 + 32a?
1780
In base 12, what is 6 + -54a?
-544
In base 7, what is 2344 - -16214?
21561
In base 2, what is -10010010010101 + -1?
-10010010010110
In base 3, what is 1200122 - 2022212?
-122020
In base 4, what is -32302 + -1013?
-33321
In base 11, what is -59 + -5144?
-51a2
In base 5, what is 30220 - -23?
30243
In base 3, what is 20220 + 201210102?
202001022
In base 10, what is 1 + -3383?
-3382
In base 10, what is 289 - 329?
-40
In base 13, what is -a + 2c20?
2c13
In base 2, what is -100001000 - -11011011110100?
11010111101100
In base 11, what is -5 - 7233?
-7238
In base 6, what is 3254 - 4520?
-1222
In base 3, what is -222100110 - 102?
-222100212
In base 16, what is 1f5f + -3?
1f5c
In base 3, what is -22120 + 220001?
120111
In base 6, what is 1122233 - 104?
1122125
In base 16, what is f1 + -38?
b9
In base 11, what is 480 - 36?
445
In base 6, what is 3 - -21400550?
21400553
In base 7, what is 1604006 - -2?
1604011
In base 13, what is 1 - 451b?
-451a
In base 16, what is -2260 - 132?
-2392
In base 11, what is -489 - 26?
-504
In base 2, what is 1010111110001100 - 101011?
1010111101100001
In base 8, what is -4135545 + -2?
-4135547
In base 13, what is -666 - -130?
-536
In base 4, what is 1010333222 + -3?
1010333213
In base 3, what is -112010002221210 + -1?
-112010002221211
In base 4, what is 1200 + -21023?
-13223
In base 3, what is 100 - 10202012012?
-10202011212
In base 5, what is -102 - -11142?
11040
In base 10, what is 7 + 11935?
11942
In base 4, what is -210021003 - 10?
-210021013
In base 11, what is 20955 - -16a?
21014
In base 15, what is -5 + 30e91?
30e8b
In base 12, what is -10a + -1183?
-1291
In base 16, what is 2 - -87ace?
87ad0
In base 5, what is 2 - -33322?
33324
In base 12, what is -248672 - -5?
-248669
In base 15, what is 1 - 37e5?
-37e4
In base 11, what is -a234 + 4?
-a230
In base 7, what is 20 + -5043?
-5023
In base 14, what is 10 - 1657?
-1647
In base 15, what is 9c355 - 3?
9c352
In base 15, what is 0 - -88b54?
88b54
In base 6, what is 1321 - -230045?
231410
In base 9, what is -25 - 1051?
-1076
In base 10, what is -3 + 43127?
43124
In base 3, what is 111000102220 - 10?
111000102210
In base 3, what is 12 - -2102222?
2110011
In base 7, what is -45 - -1652?
1604
In base 14, what is -2 + 1012?
1010
In base 11, what is -12832a - 0?
-12832a
In base 2, what is 1000010011111100 + -11?
1000010011111001
In base 6, what is -1 - -440501?
440500
In base 3, what is -1102110 - 1102?
-1110212
In base 2, what is 110 - 111010110011?
-111010101101
In base 5, what is 1 + 34110?
34111
In base 10, what is 19 - 245?
-226
In base 8, what is 710 + 1221?
2131
In base 6, what is -124223 - -4?
-124215
In base 8, what is -1014 + -412?
-1426
In base 5, what is 212 - -4043233?
4044000
In base 7, what is 2 - 10223534?
-10223532
In base 9, what is 105720 - 2?
105717
In base 7, what is -52045 + -3?
-52051
In base 4, what is 13312111 + 1?
13312112
In base 10, what is -777 - 28?
-805
In base 12, what is -1a452 - -6a?
-1a3a4
In base 14, what is -a + -1d0a?
-1d16
In base 16, what is -3 + -57b9?
-57bc
In base 16, what is 1 - -1c22?
1c23
In base 9, what is -186 - 12000?
-12186
In base 11, what is -3182 - -216?
-2a67
In base 5, what is -4 - 1042031?
-1042040
In base 7, what is 125434 + -15?
125416
In base 2, what is 1 - 1100011011100110001?
-1100011011100110000
In base 11, what is -210028 - 0?
-210028
In base 10, what is 4987 + 9?
4996
In base 3, what is -100020 + -2210?
-110000
In base 16, what is -ac + 36e2?
3636
In base 2, what is -110011011111001 + 1001100?
-110011010101101
In base 16, what is -13c - -2eb2?
2d76
In base 3, what is 22210222 + 2?
22211001
In base 5, what is -331342 + -11?
-331403
In base 7, what is 422641 + 4?
422645
In base 15, what is -a3 + -690?
-743
In base 12, what is 5 - -92a30?
92a35
In base 5, what is 31410113 + 21?
31410134
In base 6, what is -21 + 222122?
222101
In base 2, what is 10 - 10011000101101?
-10011000101011
In base 9, what is -5 + 67117?
67112
In base 5, what is -14022 - -1443?
-12024
In base 12, what is 31060 + -2?
3105a
In base 14, what is 14a1 - 2?
149d
In base 6, what is -102023 - -5?
-102014
In base 12, what is 1 + 3761?
3762
In base 3, what is 2111 - -11?
2122
In base 2, what is 10111101100 - 100110010?
10010111010
In base 5, what is -3 - 13244?
-13302
In base 8, what is 10 - -1234?
1244
In base 16, what is 21 - -1564?
1585
In base 12, what is -1812 - 46?
-1858
In base 10, what is -271 - 4643?
-4914
In base 7, what is 141 + 4132?
4303
In base 2, what is -1010 + -101010000?
-101011010
In base 10, what is 8 - 2114?
-2106
In base 16, what is -21ea - a?
-21f4
In base 12, what is -91a39 - 7?
-91a44
In base 5, what is 20 + 442203?
442223
In base 12, what is 551a8a + 0?
551a8a
In base 2, what is -1 + -1011000111101100?
-1011000111101101
In base 2, what is 10010100101110 + -1011?
10010100100011
In base 12, what is -8 - -b338b?
b3383
In base 2, what is 11000111101000 - 1?
11000111100111
In base 2, what is 11100111111001100 - -1?
11100111111001101
In base 15, what is -d + -72?
-80
In base 9, what is 32448 - -38?
32487
In base 9, what is 14363 + -1?
14362
In base 10, what is 0 + -12032?
-12032
In base 14, what is -42 - 42?
-84
In base 16, what is -a4 + 3df?
33b
In base 4, what is 3320020203 + 2?
3320020211
In base 10, what is 3 + 819?
822
In base 14, what is -6a781 - 3?
-6a784
In base 12, what is 143 + 337?
47a
In base 11, what is -113 + -4685?
-4798
In base 13, what is -8c2 - 7?
-8c9
In base 16, what is 0 - -95d0?
95d0
In base 7, what is 266004 - 2?
266002
In base 6, what is -5 + -15523203?
-15523212
In base 10, what is 314 - 12?
302
In base 7, what is -2001 - 106?
-2110
In base 11, what is -821 + 78?
-754
In base 8, what is 720052 - -6?
720060
In base 14, what is 5 - 4814?
-480d
In base 12, what is 1 - 19714?
-19713
In base 11, what is 76aa0 + 5?
76aa5
In base 14, what is 12 - -12745?
12757
In base 13, what is -1006c - 17?
-10086
In base 11, what is 26 - 13a7?
-1381
In base 16, what is 20ffff + 1?
210000
In base 4, what is 30 - 220301?
-220211
In base 11, what is 4 - 37a375?
-37a371
In base 13, what is -35 + -1a87?
-1abc
In base 16, what is -f9733 - 3?
-f9736
In base 8, what is -6 - -7730?
7722
In base 6, what is -1135 - 15433?
-21012
In base 12, what is -82953 + 1?
-82952
In base 14, what is 5dd2 - -24?
6016
In base 13, what is 3 + 1a3a90?
1a3a93
In base 12, what is -31 + -24b5?
-2526
In base 7, what is -26445 - -26?
-26416
In base 15, what is d0c + 679?
1486
In base 8, what is 2257 + 4?
2263
In base 16, what is b - 2a3?
-298
In base 7, what is 21603 + -6?
21564
In base 2, what is -111 - -1010100100101?
1010100011110
In base 3, what is 1201 - 11102100?
-11100122
In base 5, what is 23211 - 22?
23134
In base 9, what is -41 - 5205?
-5246
In base 15, what is 5 - -11694?
11699
In base 5, what is -2131230 + 24?
-2131201
In base 8, what is 452 - -62?
534
In base 16, what is 176 + -89?
ed
In base 15, what is -4187 + 27?
-4160
In base 13, what is -627a24 - 2?
-627a26
In base 2, what is 110010011010110000 + -11101?
110010011010010011
In base 15, what is e9c + 6?
ea3
In base 9, what is -3283237 - 5?
-3283243
In base 2, what is 101 - -11110110101110101?
11110110101111010
In base 12, what is -6 - -447a?
4474
In base 11, what is 244 + a0?
334
In base 13, what is -79 + -187?
-233
In base 14, what is 104c20 + 5?
104c25
In base 2, what is -100 + 110011110?
110011010
In base 9, what is -5 + 60701?
60685
In base 13, what is -29882c + -4?
-298833
In base 11, what is -60 + 10126?
10076
In base 4, what is 1 - 100101?
-100100
In base 12, what is -6 + -871?
-877
In base 3, what is 2 + 220000221022?
220000221101
In base 5, what is -133 - 2333?
-3021
In base 2, what is 10111101110 - 11110011?
10011111011
In base 7, what is -22 + 4431?
4406
In base 2, what is -110011000101001 + -1011011?
-110011010000100
In base 15, what is 597 + -1b?
57